, 19
Suppose 44 = -2*y + 5*l + 2, 5*y + l + 105 = 0. Let k be 1/(-2 + y/(-9)). Suppose 2*b = -3*h + 37, 2*h - 19 = k*b + 23. List the prime factors of h.
3, 5
Let q = 23 - 7. Let k(w) = w**2 - 6*w + 3. Let b be k(8). Let v = b + q. What are the prime factors of v?
5, 7
Let u be (-90)/4*6/(-9). Suppose q = -5, -b - q = -0*b - u. List the prime factors of b/((-3 - -2) + 2).
2, 5
Let p = -11 + 11. Suppose -15 = 3*i, p*i + 5 = -z + i. Let x = z - -68. List the prime factors of x.
2, 29
Let v(d) = -d**2 + 27*d + 1. Let h be v(27). Let w(k) = 13*k**2 - 3*k + 1. Let c be w(2). Suppose -2*q = 3*m - c, 4 = -3*m + h. What are the prime factors of q?
5
Let k(r) = -168*r - 4. What are the prime factors of k(-1)?
2, 41
Let r(v) = -8*v + 1. Let p be r(6). Let b be 56/(-10) - 4/10. Let u = b - p. List the prime factors of u.
41
Let r be (-19)/4 - (-3)/(-12). Let f be r/((-10)/(-4)) + 43. Suppose 0 = -2*q - 11 + f. List the prime factors of q.
3, 5
Let x(o) = -o + 125. What are the prime factors of x(-9)?
2, 67
Let c(i) = -7*i**2 + 3*i + 4. Let j be c(-2). What are the prime factors of (-2794)/j + 8/(-60)?
3, 31
Let s(o) = -58*o**3 - o + 1. Let j be s(1). Let n = j + 16. List the prime factors of (n/4)/((-3)/6).
3, 7
Let h(d) = 10*d**2 - 4*d + 30. Let f be h(9). Suppose 3*c + c - f = -4*a, -4*a = -c - 789. What are the prime factors of a?
2, 3, 11
Let u(y) = -11*y + 14. Let o be u(-6). Let h = o - 19. List the prime factors of h.
61
List the prime factors of (-2)/(-10) - 370448/(-260).
3, 5, 19
Suppose 37*l = 25*l + 23268. List the prime factors of l.
7, 277
Let l = -6512 + 10220. What are the prime factors of l?
2, 3, 103
Suppose -21 = -4*m + m. List the prime factors of m + (5 - (-1 - -3)).
2, 5
Let p(x) = x**3 - 3*x**2 + 50*x - 1. What are the prime factors of p(5)?
13, 23
Let r = 1124 + -378. List the prime factors of r.
2, 373
Suppose 3*t + 2*k = 6*k + 12, 3*t - 5*k - 9 = 0. List the prime factors of 402/14 - t/(-28).
29
Suppose 2*f + 3 + 5 = 0. Let q(d) = d**3 + 6*d**2 + 2*d - 9. List the prime factors of q(f).
3, 5
What are the prime factors of 775/1*(-8 + 9)?
5, 31
List the prime factors of 2/14 + (-11 - (-49808)/77).
2, 3, 53
Let x(i) = -56*i**3 + i**2 - 1. Let r be x(-1). Suppose -r*w = -51*w - 720. What are the prime factors of w?
2, 3
Suppose 8*b - 20*b = -2940. What are the prime factors of b?
5, 7
Suppose 44 = 2*m + 5*d, -2*m + 7*m - 48 = 3*d. Suppose -m*n = -14*n + 56. List the prime factors of n.
2, 7
Let c = 7 + -202. List the prime factors of -7 - c - 2/2.
11, 17
Let h(f) = 315*f + 112. List the prime factors of h(5).
7, 241
Let u(r) = -4*r + 7 + 3*r + 4 + 0*r. Let z be u(9). Suppose -6*d + 68 = -z*d. List the prime factors of d.
17
Suppose 5*z - 13053 = -b, -2*z - 368 + 5596 = -3*b. List the prime factors of z.
7, 373
Let u(s) = -s**3 + 32*s**2 - 78*s + 32. List the prime factors of u(20).
2, 409
Let i(z) be the second derivative of -5*z**3/2 - 5*z**2 - 10*z. What are the prime factors of i(-6)?
2, 5
Suppose -2*g + 34600 = 23*g. List the prime factors of g.
2, 173
Let m = 1965 + 882. What are the prime factors of m?
3, 13, 73
Let n(l) = l**3 - l**2. Let m be n(-1). What are the prime factors of (6/4 - 2)*(m + -56)?
29
Let v(c) = 25*c**2 - 9*c - 19. Suppose -p + 42 = 45. List the prime factors of v(p).
233
List the prime factors of (2/(-4))/(((-217)/20146)/31).
1439
Suppose 0 = -f - 4*h + 221, 5*f - 2*h = -h + 1126. List the prime factors of f.
3, 5
Let k(o) = o**3 + 5*o**2 - 6*o - 3. Let v be k(-6). Let x(s) = 2*s**3 - s**2 + 4. Let t be x(2). Let i = v + t. List the prime factors of i.
13
Let m(u) = -u**2 - 2*u + 957. List the prime factors of m(0).
3, 11, 29
Let y(z) = z**2 + 8*z + 10. Let d be y(-7). Suppose 0 = -u + d + 1, x = 2*u + 43. What are the prime factors of x?
3, 17
Let v = -546 + 669. What are the prime factors of v?
3, 41
Let v = 1173 - -1306. What are the prime factors of v?
37, 67
Let t = 15 + -11. Let r be (-6747)/(-65) + t/(-5). Suppose 5*s - r = 27. What are the prime factors of s?
2, 13
Let t(g) = 3*g**2 - 14*g + 5. List the prime factors of t(-12).
5, 11
Let f(k) = -11 + 2 + 5*k + 0 + 20*k. List the prime factors of f(6).
3, 47
Suppose 2*d = -2*d + 380. Let k = d - 45. List the prime factors of k.
2, 5
Let n be ((-42)/4)/((-2)/196). Suppose 5*d - n = -199. List the prime factors of d.
2, 83
Suppose -3*x = -4*x. Suppose 0 = -2*v - x + 6. Suppose -5*y - 2*t + 91 = 2*t, 3*y - v*t - 60 = 0. List the prime factors of y.
19
Suppose 4*l + 5*w + 77 = 0, 0 = 5*l - w + 48 + 70. Suppose -4*i - 943 + 871 = 0. Let v = i - l. List the prime factors of v.
5
Suppose -3*d + 968 + 1444 = 0. List the prime factors of d.
2, 3, 67
Suppose -2*v + 2*f = -6376, 7*f + 6377 = 2*v + 4*f. What are the prime factors of v?
3187
Suppose -14 = b - 21. Suppose 455 = b*n - 2*n. List the prime factors of n.
7, 13
Let w = 76 - -332. List the prime factors of w.
2, 3, 17
Let i be ((-9)/(-6) - (3 - 1))*-4. Suppose a - 60 = -i*l, 3*l + 2*a + a - 96 = 0. What are the prime factors of l?
2, 7
Suppose 2*x + 2*x - 528 = 0. Suppose 3*z - x = -0*z. List the prime factors of z.
2, 11
Let t = 481 + -198. List the prime factors of t.
283
Let c(n) be the first derivative of -8 + 11/2*n**2 + 1/3*n**3 - n. List the prime factors of c(-14).
41
Let i(j) = 22*j**2 + 16*j + 86. List the prime factors of i(-8).
2, 683
Let l be 15/3 - 1 - (28 + 6). Let c = 230 - l. What are the prime factors of c?
2, 5, 13
Let w be 3 - ((-12)/(-3))/4. What are the prime factors of 0 - (9/(-6))/(w/100)?
3, 5
What are the prime factors of (-82888)/(-18) - 41/(-369)?
3, 5, 307
Let o(l) = -l**2 + 5*l - 4. Let b be o(4). Let k = -90 + 94. Suppose v + 3*x - 30 = b, -249 + 42 = -5*v + k*x. What are the prime factors of v?
3, 13
Let i be (36/15)/(6/40). Let l be 1/((1/9)/(4/12)). Suppose -l*z + z + i = 0. What are the prime factors of z?
2
What are the prime factors of 5/(-9 - -4) - -3852?
3851
List the prime factors of 1*(7880/18 - (-24)/108).
2, 3, 73
Let c = -23 + 293. Suppose -c = m - 3*m. Suppose 0 = 5*j - 0*j - m. What are the prime factors of j?
3
List the prime factors of (-15 - (-29 + 7))*(147 - 0).
3, 7
Let t = -851 + 408. Let c = -132 - t. What are the prime factors of c?
311
Let o = -27 - -31. Suppose -1004 = -4*z - o*b, -4*z - 5*b + 1008 = -0*z. What are the prime factors of z?
13, 19
Suppose -11 = -2*g + 7. Suppose 4*v - 6 - 10 = 0. Suppose 3*y = g, -v*o + 2*y = 3*y - 51. List the prime factors of o.
2, 3
Let r = 778 - -1304. What are the prime factors of r?
2, 3, 347
Suppose -4*d + 0*p + 32 = 4*p, 0 = 4*d - p - 17. Let z(n) = -5*n + 8*n + 3*n + 2. List the prime factors of z(d).
2
Let j = 1890 + -1075. Suppose -j = v - 6*v. List the prime factors of v.
163
Let d = 648 + -236. Suppose -4*n - 124 = -d. What are the prime factors of n?
2, 3
Suppose 0*z + 3*z + 27 = 0. Let c(w) = -w - 10. Let y be c(z). What are the prime factors of (5 + -3)*(y - -18)?
2, 17
Let o be 33 - ((-1 - -5) + -3). Suppose 0 = -2*u - o + 2. List the prime factors of (u/(-6) - 3)*-22.
11
Let o be -1*10/(-4) + (-5)/10. Suppose 3*r + 251 = 2*n - o, -131 = -n + 3*r. What are the prime factors of n?
2, 61
Suppose -4*v - 5*b + 8932 = 0, -3*b = -v + 320 + 1896. List the prime factors of v.
2, 557
What are the prime factors of 3/5 - 2/(-5) - -446?
3, 149
Suppose 0 = -2*l + 4*a + 446, -16*l + 862 = -12*l + 2*a. List the prime factors of l.
7, 31
Let k(u) = 97*u - 48. List the prime factors of k(3).
3
Let f(m) = m**3 - 7*m**2 + m + 16. List the prime factors of f(10).
2, 163
Suppose -a + 3*a = 254. Suppose 119 = v + 2*h, -v + 5*h + a = 3*h. What are the prime factors of v?
3, 41
Let g(a) = -a**3 - 10*a**2 - 8*a + 4. Let n be g(-10). Suppose -4*q = -7*q - d + 82, -n = -3*q - 3*d. List the prime factors of q.
3
Let s be (60/(-14))/((-9)/882). Let r = -168 + s. List the prime factors of r.
2, 3, 7
Let b be 120/66 - (-6)/33. Suppose 3*k = 0, 2*r + b*r + 5*k = 24. Suppose -11*x + r*x + 280 = 0. List the prime factors of x.
2, 7
Let g(u) = -u**3 - 4*u**2 - 2*u + 2. Let v be g(-3). Let q be 141 - 0/(3 + v). Suppose 2*d + 0*d - 60 = 3*l, 3*l = 5*d - q. List the prime factors of d.
3
Let j(l) = 813*l**2 - 3*l + 1. What are the prime factors of j(-1)?
19, 43
Suppose -36*j + 38*j - 2422 = 0. What are the prime factors of j?
7, 17